What are the prime factors of (u - (-12)/(-3)) + (-1 - -53)?
7
Suppose 4*y - 99 = -5*y. Suppose y*g - 1949 - 658 = 0. List the prime factors of g.
3, 79
Suppose 0 = -4*t + 2*t - 84. Let j = 127 + t. What are the prime factors of j?
5, 17
Suppose -6*k + 14*k - 40 = 0. Suppose -k*r + 468 = -r. List the prime factors of r.
3, 13
Suppose -f + 44 + 18 = 0. List the prime factors of (f - -1) + 2 + 3 + -3.
5, 13
Suppose 712 - 17 = 3*m - 4*a, 1115 = 5*m + 2*a. List the prime factors of m.
3, 5
Suppose 27 = 3*m + 5*z, 2*z = -4*m - z + 36. Let y = 57 - m. What are the prime factors of y?
2, 3
Suppose z = 2*a + 152, -2*z + 427 = -5*a + 127. Suppose 4*x - 244 = z. List the prime factors of x.
101
Let a(u) be the first derivative of -1 - 9*u + 4*u**2 + 1/3*u**3. List the prime factors of a(-11).
2, 3
Let g(q) = q + 7. Let y = 25 + -30. Let o be g(y). Suppose -3*p - 6 = 0, 0*f - 2*p - 104 = -o*f. What are the prime factors of f?
2, 5
List the prime factors of (-295)/(-10)*(-1 - 2 - -13).
5, 59
Let a(t) = 2*t**3 - t**2 + t. Let s be a(1). Suppose s*v + 2*d = 232, -196 = -3*v + 3*d + 122. List the prime factors of v.
3, 37
Let j be -2*(-14)/4 - 4. Suppose 2*z + f = 39, j*z = 4*f + 23 + 52. What are the prime factors of z?
3, 7
Let m(c) = c**2 - 10*c - 56. Let r be m(28). Let b = r - 297. List the prime factors of b.
151
Suppose 0 = 9*g - 8*g. Suppose g*a = 2*a - 8. Suppose a*y = r - 13, -3*r + 48 = -2*y - y. List the prime factors of r.
17
Let b(y) = -45*y + 2. Let f be b(-1). Suppose -85 = -4*p + 5*w, -63 = -3*p + 4*w - 0*w. Let x = f - p. List the prime factors of x.
2, 11
Let p = -25 + 30. Suppose -p*z = -4 - 11. Suppose -z*d = 2*x - 129, 3*x - 6*x + 86 = 2*d. What are the prime factors of d?
43
Let j(v) = -87*v + 2. Let t be j(-4). Let b = 657 - t. What are the prime factors of b?
307
Suppose -3*k + 4*k - 811 = -3*j, 2*j = k - 836. List the prime factors of k.
2, 7, 59
Let p(a) = -a + 14. Let b be p(13). Let i be (-29)/b*(-5 + 0). Let o = -91 + i. List the prime factors of o.
2, 3
What are the prime factors of -1 + 1 + (-2958)/(-6)?
17, 29
Let a(b) = 6*b**3 + 12*b**2 - 32*b + 109. What are the prime factors of a(9)?
5167
Let n be (-8)/14 + (-1595)/(-35). Let i = 142 - n. List the prime factors of i.
97
Let j(x) = 49*x - 4. Let l(b) = b**2 + 7*b - 19. Let m be l(-9). Let d(c) = c - 1. Let u(v) = m*j(v) + 5*d(v). What are the prime factors of u(-1)?
43
Suppose -1492 = -4*h + 4*o, 3*h - 5*h + 751 = 3*o. What are the prime factors of h?
2, 11, 17
Suppose 3*f = 4*w - 2 - 7, 2*w - 12 = 4*f. Suppose 4*l + 8 = 0, w = 8*y - 13*y - 5*l + 585. What are the prime factors of y?
7, 17
Suppose 7142 + 1377 = 7*w. What are the prime factors of w?
1217
What are the prime factors of (-2163)/(-4) - (-9)/36?
541
Let u(l) = l**2 - 7*l - 21. List the prime factors of u(-6).
3, 19
Suppose b = -b + 10. Suppose -103 = a - b*o - 368, -4*o = -4*a + 1124. List the prime factors of a.
3, 5, 19
Let a = -115 - -431. List the prime factors of a.
2, 79
Let v = 91 + 32. Suppose -3*f + v = -2*o - 85, -3*f + 224 = 2*o. Let k = f - 33. List the prime factors of k.
3, 13
Let l(f) = 53*f - 5. Let n be l(4). Suppose -o + 0*o - 4*z = -82, n = 3*o - z. List the prime factors of o.
2, 5, 7
Let a be (3/4)/(6/96). Suppose -2*b - b = -a. What are the prime factors of b?
2
Let l = 48 - 52. Let c(s) = -8*s. List the prime factors of c(l).
2
Suppose -m = -6*m. Suppose 5*x - 319 - 541 = m. Suppose -4*l = -n - x, 4*l - 2*n = -l + 215. What are the prime factors of l?
43
Suppose -3*z = 4*i - 0*i - 8, -2*z - 4*i + 4 = 0. Suppose w + 295 = 6*w. Suppose -g + w = z*t - 0*g, 3*t + 4*g - 41 = 0. What are the prime factors of t?
3, 5
Let f be -79 + -3*(-2)/(-6). Let x = f - -149. List the prime factors of x.
3, 23
Suppose 0 = 4*q + 5 - 1. Let x be (-4)/((-2)/(-9)*q). What are the prime factors of x - (1 - 2)*1?
19
Suppose -4*m = -m - 147. Let b = m + -17. Suppose 0 = 2*y - 3*o - 24, 3*o - b - 4 = -2*y. List the prime factors of y.
3, 5
Let h be ((-56)/(-2))/((-9)/(-45)). Suppose 0*b = -4*b + h. What are the prime factors of b?
5, 7
Let b(j) = -109*j + 97. List the prime factors of b(-8).
3, 17, 19
Let r(m) be the third derivative of 3/20*m**5 + 1/6*m**3 + 0 - 1/120*m**6 - 1/3*m**4 - 2*m**2 + 0*m. List the prime factors of r(7).
43
Suppose -5*l + 4889 = -2866. What are the prime factors of l?
3, 11, 47
Suppose 0 = -3*o - 5*s - 94, -4*o - 36 = 3*s + 71. Let b = 60 + o. What are the prime factors of b?
37
Let w = -112 - -122. List the prime factors of (-16)/(-12)*1065/w.
2, 71
Suppose 3*j + 3*y + 9 = 0, -5*j + y + 4*y + 5 = 0. Let d = j - -4. Suppose 4*w - 136 = d*p - 13, -3*w - 5*p = -56. List the prime factors of w.
3
Suppose 5*o = 5*n - 410, o + 81 + 2 = 2*n. Let s = o + 159. List the prime factors of s.
2, 3, 13
Suppose -2*o - 8 = j, -o - 7 = -0*j + j. Let v(x) = -x**2 - 5*x + 11. List the prime factors of v(j).
5
List the prime factors of (-5145)/(-9) - -4 - 2/(-6).
2, 3
Let a be (138/(-9) - -2)*6/(-4). What are the prime factors of 5/a + (-2 - 734/(-8))?
2, 3, 5
Let c(w) = w**2 - 2*w + 6. Let s be c(5). What are the prime factors of ((-21)/s)/((-2)/382)?
191
Let g(b) = b**3 + 21*b**2 + 22*b + 41. List the prime factors of g(-8).
17, 41
Let m = -807 - -551. Let c = m - -431. What are the prime factors of c?
5, 7
Let k = -80 - -113. Suppose 0 = -5*z - 13 + k. Suppose z*f + 0*q = -2*q + 80, 2*f + 5*q - 40 = 0. List the prime factors of f.
2, 5
Let w(a) = -44*a - 11. Let s be w(-9). Suppose -2*p = 3*p - s. List the prime factors of p.
7, 11
Let d(y) = 6*y**2 + 23*y - 6. Let w(c) = 12*c - 7 + 4*c - 6*c + 12*c + 5*c**2. Let n(z) = 3*d(z) - 4*w(z). List the prime factors of n(-9).
19
Let c(k) be the third derivative of 7*k**6/6 - k**5/30 + 5*k**4/24 - 2*k**3/3 - 18*k**2. List the prime factors of c(1).
139
Suppose -346 = 2*j + 4*q - 1210, -4*q - 16 = 0. List the prime factors of j.
2, 5, 11
Suppose 3*i + 2*f - 6*f = 87, -f - 3 = 0. List the prime factors of i.
5
Let f = 314 - 218. Let i = -189 + f. Let d = -54 - i. List the prime factors of d.
3, 13
Suppose 11*q - 4*q + 560 = 0. Let b = -113 + 79. Let c = b - q. What are the prime factors of c?
2, 23
Let z(h) = -h**2 + 11*h - 17. Let u(v) = 4*v**2 - 45*v + 69. Let w(q) = -2*u(q) - 9*z(q). List the prime factors of w(8).
7
Let u be 59 + -70 - (6/(-2))/(-1). List the prime factors of 2 + 36/u - 1892/(-28).
67
Let r(l) = -l**3 + 24*l**2 - 49*l - 18. What are the prime factors of r(20)?
2, 7, 43
Let a be (-4)/(-14) + 4/(-14). Let o = -74 - -133. Suppose 51 = 3*j + 4*m - o, 3*j - 2*m - 116 = a. What are the prime factors of j?
2, 19
What are the prime factors of 1971/2 - (-13)/26?
2, 17, 29
Let w(z) = 3*z**2 - 22*z + 8. Let y be (-166)/(-18) - 2/9. List the prime factors of w(y).
53
Let n(x) = -16*x - 14*x + 51*x + 5 + 2*x. Let z = 2 + 0. What are the prime factors of n(z)?
3, 17
Let r = 1640 - 1126. List the prime factors of r.
2, 257
Let d(o) = -o**2 - 9*o + 5. Let v be (-2 - 4/16)*4. What are the prime factors of d(v)?
5
Let i(y) = -y**2 - 8*y. Let b be i(-7). Suppose 3216 = b*n + 9*n. What are the prime factors of n?
3, 67
Suppose -6*a + 2*j = -2*a + 8, -3*a - 4 = -2*j. Let d(k) = -35*k + 6. List the prime factors of d(a).
2, 73
Let b(d) = -d - 27. Let t be b(-11). Let a = t + 48. List the prime factors of (-12)/6 + 1*a.
2, 3, 5
Let q = 182 + -791. List the prime factors of q/(-9) + 4/(-18)*3.
67
Suppose 539 = k + 2*c, -5*c = -k - 269 + 836. What are the prime factors of k?
547
Suppose -3*q + 0*q = -11*q. Suppose 31*y - 26*y - 515 = q. What are the prime factors of y?
103
Suppose -6520 = -3*c - 7*c. List the prime factors of c.
2, 163
Let d(q) = -18*q - 17. Let f be d(-19). Let n = f - 231. List the prime factors of n.
2, 47
Let u = 235 + -118. What are the prime factors of u?
3, 13
Let f be 1*(1 + (6 - 0 - 3)). Suppose 2*t - 3*m - 2 = 210, 0 = -f*m - 8. List the prime factors of t.
103
Let y(s) = -s**2 - 17*s - 7. Suppose -3*i + 7*i = 120. Let f = i + -44. What are the prime factors of y(f)?
5, 7
Let v = 7840 + -2962. What are the prime factors of v?
2, 3, 271
Let w(f) = f**2 + 4*f - 10. Let n be w(-5). Let m(o) = o - 2. Let l be m(0). What are the prime factors of (l/6)/(n/930)?
2, 31
Suppose 83*s = -27*s + 402710. List the prime factors of s.
7, 523
Let y(b) = 